u + 1. Suppose -u*x = -4*x + 20. Suppose -i + 5*r = -2, 0 = 3*i + 2*r - r - 86. Calculate the remainder when i is divided by x.
7
Suppose 0 = -3*n, -3*w + 0*n - 2*n = 3. Let i = w + 5. Suppose -2298*v = -2358*v + 1320. Calculate the remainder when v is divided by i.
2
Let j(k) = 2*k**2 + 4*k - 21. Let c be j(4). Let m = -6 + c. Calculate the remainder when ((-380)/15 - 2)*-3 is divided by m.
19
Let n(p) = 4*p**2 - p + 3. Let j be n(1). Suppose -i = -2*t - j*i + 37, 3*t + 3*i = 78. Calculate the remainder when t is divided by 17.
14
Suppose -15*m = -22*m + 189. Suppose -4*q = -2*b - 124, -m - 19 = -2*q + 5*b. Calculate the remainder when 262 is divided by q.
31
Suppose n + 26 - 44 = 0. Let t = 93 - 83. Calculate the remainder when n is divided by t.
8
Suppose -292 = -3*x - v, 3*v + 398 = -x + 5*x. Suppose 2*f + 28 = x. Let o = f + -25. What is the remainder when 34 is divided by o?
4
Let b(i) = -i**2 + 3*i - 5. Let k be b(6). Let j = k + 38. Calculate the remainder when 60 + -3*4/12 is divided by j.
14
What is the remainder when 1772 is divided by (17160/351)/((-8)/(-36))?
12
Let r(g) = -g**3 + 3*g**2 - 4. Suppose 25 = -18*d - 11. Calculate the remainder when 63 is divided by r(d).
15
Let x be 0/((-15)/(-3)) + (128 - -1). Let u = -44 + x. Let f = u - 68. What is the remainder when f is divided by 4?
1
Suppose -12 = -b - 2*b. Suppose 2*v + 3*v - d = -1243, -3*d = 6. Let r = -241 - v. Calculate the remainder when r is divided by b.
0
Suppose 13*u = 7*x + 15*u - 5923, 3 = -u. What is the remainder when x is divided by 278?
13
Let t(u) = -4*u + 11. Let z be t(5). Suppose -b - a = 3*a - 87, 4*a + 8 = 0. Calculate the remainder when b is divided by 4/20*-14*(z + 4).
11
Suppose -z = -7*z + 102. Suppose -5*s = -16 - 4. Suppose -b + 6 = -s. What is the remainder when z is divided by b?
7
Let t be (-3 + (-85)/10)*2. Let h = t - -34. Suppose -2*i - h = -51. Calculate the remainder when 59 is divided by i.
19
Calculate the remainder when (-168)/(-96) - 3249/(-4) is divided by 21.
16
Let i(b) = -2*b + 17 - b + 19 - 3. Let w be i(9). Suppose -w*a = -5*a - 151. What is the remainder when a is divided by 31?
27
Suppose 0 = 139*j - 208*j + 33879. What is the remainder when j is divided by 36?
23
Suppose -5*k - 3*i = -102, 5*k + 5*i - 100 = -0*k. Suppose 0 = 4*g - s - 579, 269*s - 264*s + 430 = 3*g. Calculate the remainder when g is divided by k.
19
Calculate the remainder when 559 is divided by (-16)/((-480)/230)*6.
7
Let x(i) = i**2 - 120*i + 967. What is the remainder when 348 is divided by x(8)?
64
Let y be (-5)/(10/4) - 8. Let s(l) = -l**2 + l + 1. Let k(z) = -6*z**2 - 7*z + 17. Let d(i) = -k(i) + 4*s(i). What is the remainder when d(y) is divided by 26?
25
Let y be 105/15 - (1006 - -1). Calculate the remainder when 130 is divided by y/(-25) - (-1 + 1).
10
Suppose 5*c = o - 5 + 22, 5*c - 4*o = 23. Suppose -3*j - 5*v + c*v = -1457, -v = -2*j + 976. Calculate the remainder when j is divided by 82.
77
Let j = 15747 - 15733. What is the remainder when 2757 is divided by j?
13
Suppose -116 = -61*v + 60*v - 2*n, -2*v + 272 = -4*n. Suppose -6*d = -2*d - 52. Calculate the remainder when v is divided by d.
9
Let n be 5/2*((-32)/(-10))/4. Let c be (-350)/(-30) + n/(-3). Suppose 0 = 4*d - 9 - c. What is the remainder when 22 is divided by d?
2
Suppose a + 2*b = 18, 0 = 34*a - 30*a - b - 45. What is the remainder when 201 is divided by a?
9
Let t(u) = u**2 - u + 22. Suppose 4*v = -4*y - 4, -4*y - 22 + 6 = 0. Suppose -p + 0*p = v*p. Calculate the remainder when 85 is divided by t(p).
19
Suppose -2*h + 256 = -0*h. Suppose 20 = 4*a, -2*a - 2*a - 175 = -3*n. What is the remainder when h is divided by n?
63
Suppose -c - 84 = -2*o, 3*c + 16 - 44 = -o. Suppose d = -5*k + 2*k + 46, 0 = -2*k + 4*d + o. Calculate the remainder when 63 is divided by k.
15
What is the remainder when 2100/(-135)*(-693)/14 is divided by 26?
16
Let r be -4 - (1015/(-7) - 4). Suppose -8*o + r = -167. Calculate the remainder when 88 is divided by o.
10
Suppose 6*b - b = 0, -d + 4*b = 600. Calculate the remainder when 373 is divided by (0 + (d/(-2))/(-6))/(-2).
23
Suppose 54627 = -105*q + 236*q. What is the remainder when q is divided by 53?
46
Suppose -804 = -2*d - 2*q, 624*d - 619*d - 2022 = -2*q. What is the remainder when d is divided by 55?
21
Suppose 39*r - 15142 = 7*r + 23482. Calculate the remainder when r is divided by 36.
19
Suppose 22 = 5*z + q - 31, q + 17 = 2*z. Suppose -z*m = -6*m + 3*p - 119, 3*m = 2*p + 68. What is the remainder when 42 is divided by m?
16
Suppose 5*p - 1990 = -5*i, -5*p + 2*i + 588 = -1360. What is the remainder when p is divided by 21?
14
Let s be (1 - -2)*((-88)/(-24) - -2). Suppose g - s - 6 = -a, -20 = 5*g. Let c(d) = 13*d + 1. What is the remainder when c(6) is divided by a?
25
Suppose -23*i + 234 = -5*i. Let y(p) = -p**3 + 14*p**2 - 12*p + 23. What is the remainder when 394 is divided by y(i)?
34
Suppose 0 = 5*g + 15, 5*m - 244 = -g - g. Let h = -92 + 118. Calculate the remainder when m is divided by h.
24
Suppose -329*w + 99*w + 8428 = 71*w. What is the remainder when 5375 is divided by w?
27
Suppose 0 = -17*a + 20*a - 588. Suppose 3*c - 2*c - a = 0. Calculate the remainder when c is divided by 22.
20
Let t(x) = -11*x + 5. What is the remainder when t(-3) is divided by ((4 - 7)*1)/(4/(48/(-9)))?
2
Suppose -46*s + 16*s = -8430. What is the remainder when s is divided by 11?
6
Suppose -5*t + 297 = 4*q, -q - 2*t = -10 - 65. Suppose 4*b - 98 = -c - 34, -b + q = c. What is the remainder when c is divided by ((-260)/12)/(-5)*6?
24
Suppose -708 = -13*a + 566. Suppose 99*p - 38 = a*p. What is the remainder when 106 is divided by p?
30
Let o = -3373 + 5771. Calculate the remainder when o is divided by 15.
13
Let x = 7737 + -6702. What is the remainder when x is divided by 32?
11
Suppose 7882 = 19*j - 6463. Calculate the remainder when j is divided by 26.
1
Let j be -5 + (-54)/(-6) + 4 + -5. What is the remainder when 45 is divided by 2/j + (0 - 511/(-21))?
20
Let w(d) = 16*d + 34. Let u be w(-5). Let f = 37 - u. What is the remainder when f is divided by 28?
27
Suppose 37*n - 980 = 9*n. Let q(b) = b**3 - 3*b - 17. Calculate the remainder when q(5) is divided by n.
23
Let g(x) = x**3 - 7*x**2 + 9*x - 6. Suppose -262*q + 39*q + 7907 + 7422 = -10762. What is the remainder when q is divided by g(6)?
9
Suppose 0 = -5*s + 5461 + 3619. What is the remainder when s is divided by 202?
200
Suppose 12*f = 54*f + 135*f - 313821. Calculate the remainder when f is divided by 16.
13
Let z(v) = -14*v**2 + 7*v**2 + 6 + 0 - 8 + 59*v. Suppose -l - 2*l = -24. What is the remainder when z(8) is divided by l?
6
Let d(i) = -2*i**3 + 21*i**2 + 14*i - 25. Let y be d(11). Calculate the remainder when 16 is divided by ((-11)/4 - -4) + 6/y.
0
Let z = -107 + 111. Suppose 2*d - 4*a = 9 + 53, z*d + 4*a = 124. What is the remainder when d is divided by 5?
1
Let b = -27459 - -28301. Calculate the remainder when b is divided by 326.
190
Let d = -5371 - -5402. What is the remainder when 109 is divided by d?
16
Let h(p) = -410*p - 1196. Calculate the remainder when 416 is divided by h(-3).
8
Let o be (158/1)/((-140)/70). What is the remainder when (o + 80)/(-2*1/(-232)) is divided by 35?
11
Let i = 6539 + -1256. Calculate the remainder when i is divided by 353.
341
Let y = 206 - 172. Suppose -l - 101 = -2*n, -31*n = -y*n + 3*l + 147. Calculate the remainder when 155 is divided by n.
51
Let y(z) = 22*z + 19. Let d be y(-2). Let a = d - -67. Let m(o) = o**3 + 4*o**2 + 2. Calculate the remainder when a is divided by m(-3).
9
Let d = 4086 + -3952. Calculate the remainder when d is divided by 90*2/(-30)*-5.
14
Suppose -143 + 5 = -46*t. What is the remainder when (-2)/7 - 1680/(-49) is divided by t?
1
Let m = -11993 - -14524. Calculate the remainder when m is divided by 39.
35
Let x = -422 - -241. Let h = 276 + x. Calculate the remainder when h is divided by 1/(2 - 63/32).
31
Let o(f) = -f**3 + 17*f**2 - 20*f + 164. What is the remainder when 283 is divided by o(16)?
83
Let t(m) = 233*m - 3957. Calculate the remainder when t(42) is divided by 36.
33
What is the remainder when (-30 + 18150/120)/((-10)/(-8)) is divided by 2/(-1 + -1) + 6?
2
Suppose -4*a + 1550 = 27*a. What is the remainder when 1548 is divided